{"id":3,"date":"2025-01-07T15:47:11","date_gmt":"2025-01-07T15:47:11","guid":{"rendered":"https:\/\/groupemoretto.com\/deux-roues\/?page_id=3"},"modified":"2025-01-16T15:18:32","modified_gmt":"2025-01-16T15:18:32","slug":"politique-de-confidentialite","status":"publish","type":"page","link":"https:\/\/groupemoretto.com\/deux-roues\/?page_id=3","title":{"rendered":"Politique de confidentialit\u00e9"},"content":{"rendered":"\t\t<div data-elementor-type=\"wp-page\" data-elementor-id=\"3\" class=\"elementor elementor-3\" data-elementor-post-type=\"page\">\n\t\t\t\t<div class=\"elementor-element elementor-element-18d5a475 e-flex e-con-boxed e-con e-parent\" data-id=\"18d5a475\" data-element_type=\"container\" data-e-type=\"container\">\n\t\t\t\t\t<div class=\"e-con-inner\">\n\t\t\t\t<div class=\"elementor-element elementor-element-6b3c6f2 elementor-widget elementor-widget-heading\" data-id=\"6b3c6f2\" data-element_type=\"widget\" data-e-type=\"widget\" data-widget_type=\"heading.default\">\n\t\t\t\t<div class=\"elementor-widget-container\">\n\t\t\t\t\t<h2 class=\"elementor-heading-title elementor-size-default\">POLITIQUE DE CONFIDENTIALIT\u00c9<\/h2>\t\t\t\t<\/div>\n\t\t\t\t<\/div>\n\t\t\t\t<div class=\"elementor-element elementor-element-73acc28 elementor-widget elementor-widget-heading\" data-id=\"73acc28\" data-element_type=\"widget\" data-e-type=\"widget\" data-widget_type=\"heading.default\">\n\t\t\t\t<div class=\"elementor-widget-container\">\n\t\t\t\t\t<h2 class=\"elementor-heading-title elementor-size-default\">NOTRE POLITIQUE DE CONFIDENTIALIT\u00c9 EN UN COUP D'OEIL <\/h2>\t\t\t\t<\/div>\n\t\t\t\t<\/div>\n\t\t\t\t<div class=\"elementor-element elementor-element-93f8bc8 elementor-widget-divider--view-line elementor-widget elementor-widget-divider\" data-id=\"93f8bc8\" data-element_type=\"widget\" data-e-type=\"widget\" data-widget_type=\"divider.default\">\n\t\t\t\t<div class=\"elementor-widget-container\">\n\t\t\t\t\t\t\t<div class=\"elementor-divider\">\n\t\t\t<span class=\"elementor-divider-separator\">\n\t\t\t\t\t\t<\/span>\n\t\t<\/div>\n\t\t\t\t\t\t<\/div>\n\t\t\t\t<\/div>\n\t\t\t\t<div class=\"elementor-element elementor-element-fffac8b elementor-widget elementor-widget-text-editor\" data-id=\"fffac8b\" data-element_type=\"widget\" data-e-type=\"widget\" data-widget_type=\"text-editor.default\">\n\t\t\t\t<div class=\"elementor-widget-container\">\n\t\t\t\t\t\t\t\t\t<p>Entr\u00e9 en vigueur le 25 mai 2018 dans toute l\u2019Union europ\u00e9enne, le R\u00e8glement g\u00e9n\u00e9ral sur la protection des donn\u00e9es (RGPD) instaure un nouveau cadre juridique pour la protection des donn\u00e9es personnelles.<\/p><p>Champ d\u2019application<\/p><p>Le RGPD s\u2019applique aux entreprises, aux organismes publics et aux associations quelles que soient leur taille ou leur activit\u00e9, d\u00e8s lors qu\u2019ils traitent des donn\u00e9es personnelles de personnes physiques se trouvant sur le territoire de l\u2019Union europ\u00e9enne.<\/p><p>Le RGPD s\u2019applique \u00e9galement aux entreprises ayant leur si\u00e8ge en dehors de l\u2019UE qui traitent les donn\u00e9es de citoyens europ\u00e9ens.<br \/>D\u00e9finition des donn\u00e9es \u00e0 caract\u00e8re personnel<\/p><p>Les donn\u00e9es \u00e0 caract\u00e8re personnel d\u00e9signent la ou les informations permettant directement ou indirectement d\u2019identifier l\u2019utilisateur \/ le client dans le respect de la r\u00e9glementation telle que d\u00e9finit par la protection des donn\u00e9es \u00e0 caract\u00e8re personnel.<\/p><p>Ce sont donc toutes les informations se rapportant \u00e0 une personne physique identifi\u00e9e ou identifiable.<\/p><p>Exemples :<\/p><p>Coordonn\u00e9es d\u2019identification :\u00a0nom, pr\u00e9nom, CNI (Carte Nationale d\u2019Identit\u00e9) ;<\/p><p>Coordonn\u00e9es de contact\u00a0: num\u00e9ro de t\u00e9l\u00e9phone fixe ou mobile, adresse mail, adresse postale ;<\/p><p>Informations sur votre situation familiale ;<\/p><p>Informations bancaires li\u00e9es aux transactions ;<\/p><p>Permis de conduire\u00a0(achat, location, pr\u00eat de v\u00e9hicule)<\/p><p>Etc<\/p><p>Le site est consultable sans que l\u2019utilisateur ait besoin de r\u00e9v\u00e9ler son identit\u00e9 ou toute information \u00e0 caract\u00e8re personnel.<\/p><p>L\u2019usage de vos donn\u00e9es personnelles<\/p><p>1. Pour l\u2019ex\u00e9cution des mesures pr\u00e9contractuelles prises \u00e0 votre demande et\/ou ex\u00e9cution du contrat que vous avez souscrit, notamment :<\/p><p>a. Donner des informations concernant nos produits et services ;<br \/>b. \u00c9valuer si nous pouvons vous proposer un produit ou un service ;<br \/>c. R\u00e9aliser les op\u00e9rations n\u00e9cessaires \u00e0 la gestion des produits ou services auxquels vous avez souscrit ;<br \/>d. G\u00e9rer et traiter les incidents de paiement, les impay\u00e9s et les op\u00e9rations de recouvrement amiable et judiciaire et plus globalement tout litige ou contentieux pouvant surgir ;\u2028<\/p><p>2. Dans le cadre de la relation commerciale :<\/p><p>a.Pour vous proposer des offres ;<br \/>b.Pour personnaliser nos offres et services ;<br \/>c.Pour vous inviter \u00e0 nos \u00e9v\u00e8nements priv\u00e9s ;<br \/>d.Pour vous informer de nos derni\u00e8res publications\u2028<\/p><p>3. Pour effectuer un essai de v\u00e9hicule, solliciter un rendez-vous de r\u00e9vision de votre v\u00e9hicule\u2026\u2028<\/p><p>4. Pour effectuer une demande de financement d\u2019un v\u00e9hicule (calcul de la mensualit\u00e9, nom, pr\u00e9nom, adresse, tel, message\u2026). Les donn\u00e9es collect\u00e9es pour la demande de financement sont trait\u00e9es exclusivement \u00e0 cette fin et transmises \u00e0 la concession concern\u00e9e.\u2028<\/p><p><span style=\"color: var( --e-global-color-text ); font-family: var( --e-global-typography-text-font-family ), Sans-serif; font-weight: var( --e-global-typography-text-font-weight ); text-align: var(--text-align); font-size: 1rem;\">5. Pour r\u00e9pondre \u00e0 vos demandes formul\u00e9es depuis notre formulaire de contact (date et heure du rdv, donn\u00e9es du v\u00e9hicule\u2026)\u2028<\/span><\/p><p>6. Pour le d\u00e9p\u00f4t des candidatures \u00e0 nos offres d\u2019emplois\u2028<\/p><p>7. En cas de litige entre les diff\u00e9rentes parties :<br \/>a.Pour \u00e9tablir la preuve des transactions ;<br \/>b.Pour assurer la s\u00e9curit\u00e9 de nos syst\u00e8mes d\u2019information et de nos r\u00e9seaux\u00a0;\u2028<\/p><p>8. Lorsque vous visitez notre site internet, nos serveurs stockent temporairement les informations suivantes (adresse IP, date et heure de consultation, nom et URL des donn\u00e9es consult\u00e9es\u2026) aux fins notamment d\u2019analyse web et remarketing.\u2028<br \/>Nos engagements concernant vos donn\u00e9es personnelles<\/p><p>Nous nous engageons \u00e0 ne collecter et \u00e0 ne traiter que les donn\u00e9es n\u00e9cessaires \u00e0 nos activit\u00e9s et r\u00e9pondre \u00e0 vos demandes : envoi d\u2019offres commerciales (cibl\u00e9es ou non), ventes de v\u00e9hicules, reprise de v\u00e9hicules, contrat de leasing, maintenance technique, invitations aux \u00e9v\u00e8nements etc<\/p><p>Ces donn\u00e9es sont r\u00e9serv\u00e9es \u00e0 l\u2019usage du Groupe Moretto, de ses \u00e9tablissements et soci\u00e9t\u00e9s et le cas \u00e9ch\u00e9ant \u00e0 ses divers sous-traitants (prestataires informatiques, marketing, consultant-conseil).<\/p><p>Vos donn\u00e9es seront trait\u00e9es par les soci\u00e9t\u00e9s suivantes :<\/p>\t\t\t\t\t\t\t\t<\/div>\n\t\t\t\t<\/div>\n\t\t<div class=\"elementor-element elementor-element-4fe331b e-con-full e-flex e-con e-child\" data-id=\"4fe331b\" data-element_type=\"container\" data-e-type=\"container\">\n\t\t<div class=\"elementor-element elementor-element-d581899 e-con-full e-flex e-con e-child\" data-id=\"d581899\" data-element_type=\"container\" data-e-type=\"container\">\n\t\t\t\t<div class=\"elementor-element elementor-element-8cf2228 elementor-widget elementor-widget-text-editor\" data-id=\"8cf2228\" data-element_type=\"widget\" data-e-type=\"widget\" data-widget_type=\"text-editor.default\">\n\t\t\t\t<div class=\"elementor-widget-container\">\n\t\t\t\t\t\t\t\t\t<p><strong>D\u00e9nomination<\/strong><br \/>AKA Motors<br \/>AKA Motors<br \/>Azur Motors<br \/>Azur Motors Fast<br \/>Automobiles Fast<br \/>Automobiles Fast<br \/>Automobiles JM<br \/>Automobiles JM<br \/>Automobiles JM<br \/>Automobiles JM<br \/>Automobiles JM<br \/>Automobiles JM<br \/>Automobiles 57 JM<br \/>Automobiles 57 JM<br \/>Automobiles 57 JM<br \/>Automobiles 57<br \/>Seven Autos<br \/>Seven Autos<\/p>\t\t\t\t\t\t\t\t<\/div>\n\t\t\t\t<\/div>\n\t\t\t\t<\/div>\n\t\t<div class=\"elementor-element elementor-element-cbbdf3c e-con-full e-flex e-con e-child\" data-id=\"cbbdf3c\" data-element_type=\"container\" data-e-type=\"container\">\n\t\t\t\t<div class=\"elementor-element elementor-element-0786ef1 elementor-widget elementor-widget-text-editor\" data-id=\"0786ef1\" data-element_type=\"widget\" data-e-type=\"widget\" data-widget_type=\"text-editor.default\">\n\t\t\t\t<div class=\"elementor-widget-container\">\n\t\t\t\t\t\t\t\t\t<p><strong>Adresse<\/strong><br \/>2 rue des Dinandiers<br \/>16 Avenue Pierre B\u00e9r\u00e9govoy<br \/>149 avenue de Thionville<br \/>7 boucle du Val Marie<br \/>RN18 \u2013 Les Maragolles<br \/>ZEI du Wameau<br \/>ZA du Ch\u00eane Saint Amand<br \/>ZEI du Wameau<br \/>ZA du Ch\u00eane Saint Amand<br \/>ZA du Val de L\u2019Orne<br \/>RN18 \u2013 Les Maragolles<br \/>ZA de la Praye<br \/>2 rue des dinandiers<br \/>Route de Verdun<br \/>143 rue Nationale<br \/>36 rue des fr\u00e8res Remy<br \/>ZA de la Praye<br \/>16 avenue Pierre B\u00e9r\u00e9govoy<\/p>\t\t\t\t\t\t\t\t<\/div>\n\t\t\t\t<\/div>\n\t\t\t\t<\/div>\n\t\t<div class=\"elementor-element elementor-element-da20a0b e-con-full e-flex e-con e-child\" data-id=\"da20a0b\" data-element_type=\"container\" data-e-type=\"container\">\n\t\t\t\t<div class=\"elementor-element elementor-element-80a2fcb elementor-widget elementor-widget-text-editor\" data-id=\"80a2fcb\" data-element_type=\"widget\" data-e-type=\"widget\" data-widget_type=\"text-editor.default\">\n\t\t\t\t<div class=\"elementor-widget-container\">\n\t\t\t\t\t\t\t\t\t<p><strong>CP<\/strong><br \/>57070<br \/>52100<br \/>57050<br \/>57100<br \/>54400<br \/>55430<br \/>52100<br \/>55430<br \/>52100<br \/>54800<br \/>54400<br \/>55000<br \/>57070<br \/>57180<br \/>57350<br \/>57200<br \/>55000<br \/>52100<\/p>\t\t\t\t\t\t\t\t<\/div>\n\t\t\t\t<\/div>\n\t\t\t\t<\/div>\n\t\t<div class=\"elementor-element elementor-element-eba8706 e-con-full e-flex e-con e-child\" data-id=\"eba8706\" data-element_type=\"container\" data-e-type=\"container\">\n\t\t\t\t<div class=\"elementor-element elementor-element-ae0a9cb elementor-widget elementor-widget-text-editor\" data-id=\"ae0a9cb\" data-element_type=\"widget\" data-e-type=\"widget\" data-widget_type=\"text-editor.default\">\n\t\t\t\t<div class=\"elementor-widget-container\">\n\t\t\t\t\t\t\t\t\t<p><strong>Ville<\/strong><br \/>Metz<br \/>Saint-Dizier<br \/>Metz<br \/>Thionville<br \/>Cosnes-et-Romain<br \/>Belleville-sur-Meuse<br \/>Saint-Dizier<br \/>Belleville-sur-Meuse<br \/>Saint-Dizier<br \/>Conflans-en-Jarnisy<br \/>Cosnes-et-Romain<br \/>Longeville-en-Barrois<br \/>Metz<br \/>Terville<br \/>Stiring-Wendel<br \/>Sarreguemines<br \/>Longeville-en-Barrois<br \/>Saint-Dizier<\/p>\t\t\t\t\t\t\t\t<\/div>\n\t\t\t\t<\/div>\n\t\t\t\t<\/div>\n\t\t\t\t<\/div>\n\t\t\t\t<div class=\"elementor-element elementor-element-5acfb81 elementor-widget elementor-widget-text-editor\" data-id=\"5acfb81\" data-element_type=\"widget\" data-e-type=\"widget\" data-widget_type=\"text-editor.default\">\n\t\t\t\t<div class=\"elementor-widget-container\">\n\t\t\t\t\t\t\t\t\t<p>L\u2019acc\u00e8s \u00e0 vos donn\u00e9es personnelles<\/p>\n<p>Seules les personnes charg\u00e9es du service marketing, du service commercial, des services charg\u00e9s de traiter la relation client, les r\u00e9clamations, la prospection ; les services administratifs, les services informatiques ainsi que leurs responsables hi\u00e9rarchiques auront acc\u00e8s \u00e0 vos donn\u00e9es.<\/p>\n<p>Nos prestataires et sous-traitants pourront avoir vos donn\u00e9es personnelles uniquement dans le cadre de sous-traitance d\u2019un de nos traitements (exemple : envois d\u2019invitations). Ces derniers sont encadr\u00e9s par un accord de traitement et ne peuvent en aucun cas utiliser vos donn\u00e9es personnelles pour d\u2019autres actions pour lesquelles nous les mandatons. Ils s\u2019engagent \u00e9galement \u00e0 supprimer vos donn\u00e9es une fois l\u2019op\u00e9ration termin\u00e9e.<\/p>\n<p>Dur\u00e9e de conservation des donn\u00e9es<\/p>\n<p>La conservation de vos donn\u00e9es varie selon les r\u00e9glementations et lois applicables, ou encore en fonction de nos exigences op\u00e9rationnelles, telles que la gestion des comptes, le traitement des r\u00e9clamations\u2026<\/p>\n<p>A titre d\u2019exemple, les donn\u00e9es li\u00e9es \u00e0 l\u2019ex\u00e9cution des contrats conclus seront conserv\u00e9es pendant toute la dur\u00e9e de la relation contractuelle, les donn\u00e9es personnelles utilis\u00e9es \u00e0 des fins de sollicitations commerciales pourront \u00eatre conserv\u00e9es et trait\u00e9es pendant 3 ans suivant le dernier contact consenti de la part du client ou 10 ans apr\u00e8s la 1\u00e8re date de mise en circulation du v\u00e9hicule.<\/p>\n<p>Vos droits<\/p>\n<p>Aux termes de la r\u00e9glementation en vigueur, en tant que propri\u00e9taire des donn\u00e9es, vous \u00eates autoris\u00e9(e) \u00e0 :<\/p>\n<p>&#8211; Demander \u00e0 avoir acc\u00e8s \u00e0 vos donn\u00e9es personnelles faisant l\u2019objet d\u2019un traitement ainsi qu\u2019aux informations relatives au traitement de vos donn\u00e9es personnelles ;<br>&#8211; Demander \u00e0 corriger ou mettre \u00e0 jour vos donn\u00e9es personnelles ;<br>&#8211; Demander la suppression de vos donn\u00e9es personnelles faisant l\u2019objet d\u2019un traitement, sous r\u00e9serve toutefois des d\u00e9lais de prescription l\u00e9gaux applicables et de ce qui est n\u00e9cessaire pour la constatation, l\u2019exercice ou la d\u00e9fense de droits en justice ;<br>&#8211; Demander la limitation du traitement de vos donn\u00e9es personnelles ;<br>&#8211; Exercer votre droit de transf\u00e9rabilit\u00e9 : le droit d\u2019obtenir une copie des donn\u00e9es personnelles, sous un format structur\u00e9, couramment utilis\u00e9 et compatible avec les machines, ainsi que la transmission de ces donn\u00e9es personnelles ;<br>&#8211; Vous opposez au traitement de vos donn\u00e9es personnelles, pour des motifs li\u00e9s \u00e0 votre situation particuli\u00e8re. En cas d\u2019application de ce droit, le Groupe Moretto cessera le traitement sauf lorsqu\u2019il existe des motifs l\u00e9gitimes et imp\u00e9rieux pour le traitement, qui pr\u00e9valent sur les int\u00e9r\u00eats et droits et les libert\u00e9s de la personne concern\u00e9e, ou pour la constatation, l\u2019exercice ou la d\u00e9fense d\u2019un droit en justice et \u00e0 tout moment, au traitement de vos donn\u00e9es \u00e0 des fins de prospection ;<br>&#8211; Retirer votre consentement au traitement de vos donn\u00e9es personnelles \u00e0 des fins de Marketing, en principe avec effet pour l\u2019avenir. Le retrait de votre consentement ne compromet pas la lic\u00e9it\u00e9 du traitement r\u00e9alis\u00e9 avant la demande effectu\u00e9e de retrait du consentement.<\/p>\n<p>Nous souhaitons vous informer que le non renseignement ou la modification de vos donn\u00e9es sont susceptibles d\u2019avoir des cons\u00e9quences dans le traitement de certaines demandes dans le cadre de l\u2019ex\u00e9cution des contrats ou services conclus. Vos demandes au titre de l\u2019exercice de vos droits seront conserv\u00e9es \u00e0 des fins de suivi.<\/p>\n<p>Vous pouvez \u00e0 tout moment exercer vos droits \u00e9nonc\u00e9s ci-dessus en envoyant une demande \u00e9crite dans ce sens :\u2028<\/p><p>&#8211; Soit par courrier \u00e9lectronique \u00e0 l\u2019adresse mail suivante : contact@groupemoretto.com, en joignant une copie de votre titre d\u2019identit\u00e9.<br>&#8211; Soit par courrier postal adress\u00e9 \u00e0 : Groupe Moretto \u2013 A l\u2019attention du d\u00e9l\u00e9gu\u00e9 \u00e0 la protection des donn\u00e9es \u2013 ZEI du Wameau \u2013 55 430 Belleville-sur-Meuse en effectuant une demande \u00e9crite et sign\u00e9e, accompagn\u00e9e d\u2019une copie de votre titre d\u2019identit\u00e9 avec signature, en pr\u00e9cisant l\u2019adresse \u00e0 laquelle la r\u00e9ponse doit \u00eatre envoy\u00e9e.\u2028<\/p><p><br>Dans l\u2019hypoth\u00e8se o\u00f9 le groupe Moretto ne parviendrait pas \u00e0 r\u00e9pondre \u00e0 vos demandes d\u2019une mani\u00e8re satisfaisante, vous pouvez introduire une r\u00e9clamation aupr\u00e8s des autorit\u00e9s de contr\u00f4les&nbsp;:<\/p>\n<p>Commission Nationale de l\u2019Informatique et des Libert\u00e9s (CNIL), 3 Place de Fontenoy \u2013 TSA 80 715 \u2013 75 334 PARIS Cedex 07, Tel : 01 53 73 22 22 , Site : www.cnil.fr<\/p>\n<p>Cette politique de confidentialit\u00e9 peut \u00eatre modifi\u00e9e et mise \u00e0 jour \u00e0 tout moment par le Groupe Moretto.<\/p>\n<p>Date de derni\u00e8re mise \u00e0 jour : 12 juillet 2023<\/p>\t\t\t\t\t\t\t\t<\/div>\n\t\t\t\t<\/div>\n\t\t\t\t\t<\/div>\n\t\t\t\t<\/div>\n\t\t\t\t<\/div>\n\t\t","protected":false},"excerpt":{"rendered":"<p>POLITIQUE DE CONFIDENTIALIT\u00c9 NOTRE POLITIQUE DE CONFIDENTIALIT\u00c9 EN UN COUP D&rsquo;OEIL Entr\u00e9 en vigueur le 25 mai 2018 dans toute l\u2019Union europ\u00e9enne, le R\u00e8glement g\u00e9n\u00e9ral sur la protection des donn\u00e9es (RGPD) instaure un nouveau cadre juridique pour la protection des donn\u00e9es personnelles. Champ d\u2019application Le RGPD s\u2019applique aux entreprises, aux organismes publics et aux associations [&hellip;]<\/p>\n","protected":false},"author":2,"featured_media":0,"parent":0,"menu_order":0,"comment_status":"closed","ping_status":"closed","template":"elementor_header_footer","meta":{"footnotes":""},"class_list":["post-3","page","type-page","status-publish","hentry"],"_links":{"self":[{"href":"https:\/\/groupemoretto.com\/deux-roues\/index.php?rest_route=\/wp\/v2\/pages\/3","targetHints":{"allow":["GET"]}}],"collection":[{"href":"https:\/\/groupemoretto.com\/deux-roues\/index.php?rest_route=\/wp\/v2\/pages"}],"about":[{"href":"https:\/\/groupemoretto.com\/deux-roues\/index.php?rest_route=\/wp\/v2\/types\/page"}],"author":[{"embeddable":true,"href":"https:\/\/groupemoretto.com\/deux-roues\/index.php?rest_route=\/wp\/v2\/users\/2"}],"replies":[{"embeddable":true,"href":"https:\/\/groupemoretto.com\/deux-roues\/index.php?rest_route=%2Fwp%2Fv2%2Fcomments&post=3"}],"version-history":[{"count":5,"href":"https:\/\/groupemoretto.com\/deux-roues\/index.php?rest_route=\/wp\/v2\/pages\/3\/revisions"}],"predecessor-version":[{"id":326,"href":"https:\/\/groupemoretto.com\/deux-roues\/index.php?rest_route=\/wp\/v2\/pages\/3\/revisions\/326"}],"wp:attachment":[{"href":"https:\/\/groupemoretto.com\/deux-roues\/index.php?rest_route=%2Fwp%2Fv2%2Fmedia&parent=3"}],"curies":[{"name":"wp","href":"https:\/\/api.w.org\/{rel}","templated":true}]}}